. Calculate f(-17).
0
Let d be 10/(-7)*7/(-2). Let a = -2 - -4. Let g(m) = -a - 3 - m**3 + 2 + 6*m**2 - 6*m. Determine g(d).
-8
Let t(d) be the second derivative of 3*d**2 + 0 + 30*d - 5/6*d**3 + 7/12*d**4 + 1/20*d**5. What is t(-8)?
-18
Suppose 4*q - 2*q + 3*r - 15 = 0, 0 = -3*q - 5*r + 25. Let c(a) = -4*a + 5*a**2 - 6*a**2 - a**3 + 4 + 7*a**2 + q*a**2. What is c(5)?
9
Let q be ((-336)/36 + 10)/(2/(-27)). Let g(f) = -f**2 - 10*f - 9. Determine g(q).
0
Let l(i) be the second derivative of 0 - 3/2*i**2 + i**3 - 29*i + 1/12*i**4. Calculate l(-7).
4
Let r(a) be the third derivative of a**5/60 + 5*a**4/24 - 7*a**2 - 28*a. Determine r(-7).
14
Suppose -r + 3*s + 0*s = 1, 0 = 4*r - 2*s - 6. Suppose -3*x = -x + r. Let j(w) be the first derivative of 10*w**3/3 - w**2/2 - w - 1. What is j(x)?
10
Let y(v) = v**2 + 1. Let s(n) = -3*n**2 - 3. Let k(d) = s(d) + 2*y(d). Let b = 59 - 55. Determine k(b).
-17
Let z = -14 - -18. Let i(m) = m**3 - 4*m**2 - 4. Let f = 4 + -5. Let o(b) = -b**2 + b + 1. Let d(g) = f*o(g) + i(g). Give d(z).
7
Suppose -13*d - 17 - 48 = 0. Let k(y) = 4*y + 4. Suppose n - 3*n + 6 = 0. Let z(o) = 3*o + 3. Let g(h) = n*z(h) - 2*k(h). Determine g(d).
-4
Let c(t) = -5*t**3 - 6 - 3*t**3 + 4 - 5*t**2 - 2*t + 7*t**3. Calculate c(-5).
8
Let d(t) = 11 - 14 - t + 3*t. Let z(n) = 6*n - 8. Let i(m) = 8*d(m) - 3*z(m). Give i(-1).
2
Let w be (0 - 1)/(5/2 + -2). Let v(k) = 4*k + 3. Give v(w).
-5
Let d(y) be the first derivative of y**2/2 - 3*y + 2. Let f(c) = -5*c + 17 + 13 - 9 - 1. Let q be f(4). Determine d(q).
-3
Let n(p) = -10*p**2 + p - 1. Let u(y) = y**2 - 2*y - 11. Let i be u(4). Let s(q) = -q**3 - 5*q**2 - 6*q + 1. Let r be s(i). What is n(r)?
-10
Let p(j) = -7*j**3 + 14*j**2 - 15*j + 22. Let a = -105 - -111. Let h(b) = 15*b**3 - 29*b**2 + 31*b - 46. Let g(u) = a*h(u) + 13*p(u). Give g(7).
-4
Let o(y) = 7*y + 11. Let v(q) = -6*q - 7. Let u(s) = -4*o(s) - 5*v(s). Calculate u(-7).
-23
Let p be 7/(-7) - -11 - -2. Let w(q) = q + 2. Calculate w(p).
14
Let p(r) = 3 - 11*r + 34*r - 3. Determine p(1).
23
Let y(z) = 4*z - z**2 + 2*z + 596*z**3 + 4 - 597*z**3. What is y(-4)?
28
Let g(x) = -10*x - 10 - 35*x + 44*x. Give g(-10).
0
Suppose -24 = -5*t + 3*o, 3*t - 5*o + o = 10. Let r(a) = a**3 - 6*a**2 - 2*a - 8. Give r(t).
-20
Let n(i) = -i - 7. Let c be n(-12). Let v(g) = -3*g + 0*g - 2*g + 9. Let z(q) = -4*q + 9. Let u(t) = c*v(t) - 6*z(t). Determine u(-4).
-5
Let u(o) = -o**3 - 5*o**2 - 4*o - 3. Suppose 60*y = 54*y - 30. Calculate u(y).
17
Let b = -10 - -15. Let d(o) = -5*o - 6. What is d(b)?
-31
Let j(x) = x - 2. Let y be 2*7 - (-2 - (3 - 9)). Calculate j(y).
8
Let s be ((-5)/(-20))/(3/12). Let j(n) = -10*n**2 + s - 2 + n + n**2. Let o = -4 + 5. Calculate j(o).
-9
Let r be (-1)/((-18)/10 + 2). Let x = 6 + 5. Let o(s) = -3*s + 4*s + 15 - x. Give o(r).
-1
Let i(z) = -4*z**3 - z**2 - 8*z + 2. Let p(s) = 7*s**3 + 2*s**2 + 15*s - 4. Let h(n) = -11*i(n) - 6*p(n). Let j = -1431 - -1433. Give h(j).
10
Let k(l) = -5*l**2 - 4. Let b(t) = -t**3 - 18*t**2 + 20*t + 23. Let g be b(-19). Let x(j) = -4*j**2 + j - 3. Let y(z) = g*x(z) - 3*k(z). What is y(4)?
0
Let a(b) = 3*b + 1. Let y(o) = 7*o + 1. Let v(w) = -10*a(w) + 4*y(w). Suppose 13 = -3*p - 5. Give v(p).
6
Let z(j) be the third derivative of -j**5/60 + j**4/3 - 2*j**3/3 - 4*j**2. Suppose m + 9 = -2*m. Let d be m/(6/(-4) + 1). Determine z(d).
8
Let v = 502 + -515. Let p(u) = -u**2 - 13*u + 1. What is p(v)?
1
Let k(n) = 15*n**3 + 2*n**2 - n. Suppose l - 2*l = -4*d + 11, -2*l = -d + 1. What is k(l)?
16
Let n(l) be the second derivative of -l**4/12 + 5*l**3/6 + 3*l**2 + 22*l. Let v = -59 + 104. Suppose -4*y + v = 4*k + y, 10 = 2*y. Give n(k).
6
Suppose -212 = 73*z + 7. Let j(t) = -2*t + 1 - 2*t - t. Determine j(z).
16
Suppose -4*n + 5*r = 36, 4*r - 3 = -n + 9. Let c be (10/7)/((-16)/(-112)). Let l be ((-2)/n)/(c/100). Let w(p) = p - 1. Calculate w(l).
4
Let z(p) = -p**3 + 18*p**2 + 19*p + 3. Let k be z(19). Suppose 20 + 7 = 3*u - 3*a, 3*a = -2*u + k. Let j(d) = 2*d - 11. Give j(u).
1
Suppose 4*z + 31 - 11 = 0. Let x(f) = -6*f**2 - 3*f - 1. Let s(r) = 7*r**2 + 3*r + 2. Let h(y) = -5*s(y) - 6*x(y). What is h(z)?
6
Let u(x) = 2021*x + 2 - 3*x**2 - 3 + 2020*x - 4043*x. Give u(-1).
-2
Let b = -2 + 3. Suppose 4*w - 16 = -l - 4, -5*w = 5*l - 30. Suppose -k = -c - b, -c - l*c + 7 = -2*k. Let i(j) = -j**2. Give i(c).
-9
Let h(i) = 18*i - 43*i - 11*i**2 + 3 + 3 - i**3 + 16*i. What is h(-10)?
-4
Let w(y) be the third derivative of y**4/24 + 5*y**3/3 + y**2 + 42*y. Determine w(0).
10
Let z = 1 - 0. Suppose 0 = y + 3 + z. Let c(l) = -3*l - 11. Let g(s) = -4*s - 12. Let a(b) = 3*c(b) - 2*g(b). Give a(y).
-5
Let k be ((-58)/(-6))/((-3)/(34 - 7)). Let f = 88 + k. Let z(o) be the first derivative of o**3/3 + o**2/2 - o + 1. Determine z(f).
1
Let k = 7 + -9. Let a be (14/(-4) - -3)*k. Let q(t) = 3*t - 1 + t**2 - a + 5. Give q(-3).
3
Let o(s) = -17*s**2 - 15*s + 11. Let m(a) = 14*a**2 + 13*a - 10. Let q(r) = -6*m(r) - 5*o(r). Give q(4).
9
Let t(j) = -j**2 + 14*j + 26. Suppose 16*o - 222 = 18. Determine t(o).
11
Let n(k) = k**2 - 3*k + 5. Let d be n(3). Let c(q) = -9*q + 3. Determine c(d).
-42
Suppose -4*v - 2*w + 27 = 9, 5*w + 32 = v. Let y(b) = b**2 - 4*b - 5. Determine y(v).
16
Let o(j) be the second derivative of 0 - 15*j + 1/20*j**5 + 1/2*j**3 + 3/2*j**2 - 1/12*j**4. Give o(-2).
-15
Let h be (-40)/7 + 6 - (-26)/7. Let b(j) = -4*j. What is b(h)?
-16
Suppose 0 = l + 5*a - 7, -4*l + 4*a + 5 = 1. Let k(c) = -12 + 10 - 2*c**2 + 3*c**l - 5*c**2 + 2*c. Calculate k(2).
-14
Let u(i) = -i - 10. Let y be (-13 + (-91)/(-14))*2. Determine u(y).
3
Let u(i) = 3*i - 18*i + 8*i + 7*i - 1 + 4*i. Calculate u(3).
11
Suppose -528 = 2*l - 540. Let p(h) = -6*h**2 - 7*h - 11. Let d(z) = 5*z**2 + 7*z + 10. Let x(w) = 7*d(w) + 6*p(w). Determine x(l).
10
Suppose -100 + 88 = 6*y. Let i(f) = f + 7. Determine i(y).
5
Let z(v) = 9*v + 16. Let s(r) = -4*r - 6. Let i(n) = -17*s(n) - 6*z(n). Give i(-1).
-8
Let r = -11 - -20. Let x(i) = i**3 + 7*i**2 + 5*i - 5. Let d be x(-6). Let c be (12 - r) + (-5 - d). Let a(s) = s**3 + 4*s**2 + 3*s - 2. Calculate a(c).
-2
Let q(f) be the first derivative of f**4/4 - 4*f**3 - 7*f**2 - 16*f - 204. What is q(13)?
-29
Let z be -1*(-2)/((-30)/12 - -2). Let r(m) = m - 2. Determine r(z).
-6
Let g be 9/(2/(-2)*(3 + -2)). Let r(c) be the third derivative of -c**5/60 - c**4/3 + 5*c**3/6 + 4*c**2. What is r(g)?
-4
Let p(q) = -5*q. Let z be (((-18)/12)/3)/(1/2). Determine p(z).
5
Let o = 4 - 7. Let g be (35/10 + o)*-6. Let k(q) = q**2 + 2*q - 3. Give k(g).
0
Let v be (-625)/7 - (-2)/7. Let p = 83 + v. Let h(f) = -f**3 - 6*f**2 - 2*f + 8. Calculate h(p).
20
Let x = -14 + 10. Let b(h) = h**3 + 4*h**2 - 2*h - 6. Calculate b(x).
2
Let x(c) = 7*c**3 - 2*c - 1. Suppose 2*p = -a + 5, 0 = 133*a - 130*a + 2*p - 3. What is x(a)?
-6
Let r(s) = s**2 - 115*s - 2*s**2 + 106*s - 7 + 12. What is r(-10)?
-5
Let u(i) = -8 - 17*i + 31*i + 6 - 17*i. Give u(10).
-32
Let s(w) be the second derivative of 6*w**2 - 5/2*w**3 - 3*w - 1/12*w**4 + 0. Let t be s(-16). Let f(l) = -l - 4. Determine f(t).
0
Let t(u) = u**2 - 1. Let w(v) = v**3 + 4*v**2 + v. Let j(h) = t(h) - w(h). Give j(-2).
-3
Let v(c) = -3*c - 2. Let a be (5/(-15))/((-8)/(-48)). Determine v(a).
4
Let d(o) = -o**3 + 3*o**2 + 2*o + 9. Let f = 141 + -137. Calculate d(f).
1
Let s(n) be the third derivative of -1/6*n**4 + 1/60*n**5 + 0*n + 0 + 1/6*n**3 + 4*n**2. Suppose z = 4*v - 4, -11*v = -8*v - 3*z + 6. Calculate s(v).
-3
Let l(f) = -f**2 + f + 7. Let m(t) = t**2 + 6*t - 4. Let b = 0 + -6. Let i be m(b). Let y(h) = -h**2 - 5*h - 4. Let k be y(i). Determine l(k).
7
Let o(w) = -3 + 3*w**2 - w**2 + 0*w**2 - 213*w - 3*w**2 + 203*w. Let f be 2/(-8) - (-35)/(-4). Give o(f).
6
Let n(k) = -2*k**2 - 6*k + 5. Let t be 9 - 6 - (11 - (-12)/(-4)). Calculate n(t).
-15
Let g(m) = m**3 + 9*m**2 + 7*m - 1. Let o be g(-8). Let s(z) = -2*z**2 - 3*z**2 - z**2 - 6 - z**2 - z**3 - o*z. Determine s(-6).
0
Suppose 0 = -n - 0 - 2. Let y(m) = 6*m - 1 + 5*m - 2 - 22*m + 3*m. Give y(n).
13
Let v(x) = -x**2 - 6 + 14 + 4*x**2 + 0 + 6*x. What is v(-4)?
32
Let k(b) = b**2 + 10*b - 11. Let c be 33/(-6)*(10 + -5 - 3). Determine k(c).
0
Let t(w) = -15*w**3 - 13*w**2 - 5*w - 3. Let h(b) = -8*b**3 - 7*b**2 - 2*b - 1. Let d(g) = 5*h(g